12. Suppose 4*w - 40 = 2*w + 2*b, x*w - 56 = 5*b. What are the prime factors of w?
2, 11
Let c be -1 - (2 + 2 + -2). Let d be 0 + 3 - c/(-3). Suppose -4*u + 2*b = -91 + 13, -d*b + 32 = u. What are the prime factors of u?
2, 11
Let d = 798 + 1626. What are the prime factors of d?
2, 3, 101
Suppose 28*l - 25*l - 84 = 0. Suppose i - l = -3*m, -5*i = -5*m + 12 + 8. List the prime factors of m.
2
Suppose -15*q - 444 = -19*q. Suppose -q = -3*t + 114. What are the prime factors of 3420/t + 3/(-5)?
3, 5
Let k be -1 + 0 - (-22 - 3). Suppose -17 = -w + 3*j - 6*j, 4*w + j - k = 0. Suppose -4*r + w = -87. List the prime factors of r.
23
Let m(p) be the second derivative of -p**3/6 - 5*p**2 - 3*p. Let s be m(-8). Let a = s + 11. What are the prime factors of a?
3
Let l = 0 + 0. Let y = 170 - 167. Suppose -y*s + l*s + 2*h + 17 = 0, -3*h = 3*s - 12. List the prime factors of s.
5
Let n(r) = 5*r**2 + 2*r - 6. Let a be n(5). Suppose 0 = -4*w + a + 27. List the prime factors of w.
3, 13
List the prime factors of (-2)/(2/175)*312/(-60).
2, 5, 7, 13
Let p(n) = 4*n**2 + 8*n - 14. Let q be p(-8). Let o = q - 96. What are the prime factors of o?
2, 41
Let a(g) = -g**3 + 2*g**2 + g + 3. Let t be a(2). Let q(n) = -n**3 + 7*n**2 + 7*n - 10. What are the prime factors of q(t)?
3, 5
List the prime factors of 104/(-10)*(0 + 5 - 10).
2, 13
Suppose 4*y - 5*y = -3. Let u = 15 - y. Let b(d) = -d**2 + 15*d - 3. List the prime factors of b(u).
3, 11
Suppose 0 = -6*n + 287 + 211. List the prime factors of n.
83
Let t(f) = f**3 - 57*f**2 - 113*f - 130. List the prime factors of t(60).
2, 5, 389
Let n(d) = -d**3 - 3*d**2 - 2*d - 4. What are the prime factors of n(-8)?
2, 83
Let i(a) = -4*a + 25. Let g be i(6). What are the prime factors of (3/2)/(g*2/132)?
3, 11
Let s = 1192 - 968. What are the prime factors of s?
2, 7
Let r(a) = -a + 33. Let j(o) = -o**2 + 7*o + 2. Let m be j(9). What are the prime factors of r(m)?
7
Suppose 14*r - 9*r = 0. Suppose 3*x + r*p - 140 = 4*p, -2*p + 242 = 5*x. Suppose 3*t + 10 - 42 = 2*y, x = 2*t + 4*y. What are the prime factors of t?
2, 7
Let m = -56 - -121. Suppose -m = -4*t + j, 0*t - 3*t - 2*j = -35. List the prime factors of t.
3, 5
Let n be (-29)/4 - (-1)/4. Let b(j) = 5*j - 32*j**2 + 9 + 61*j**2 - 28*j**2. List the prime factors of b(n).
23
Let k(c) = 170*c - 583. List the prime factors of k(19).
2647
Let i(l) = -l**3 + 46*l**2 + 86*l - 213. List the prime factors of i(47).
2, 3, 5
Let x be (23 + -2)/(6/8). Suppose n + x = v - 3*v, 0 = -4*v - 4*n - 48. List the prime factors of (-2)/(-8) + (-44)/v.
3
Let b = -31 + 33. What are the prime factors of 89/b - 45/30?
43
Let u(k) = 22*k**2 + k + 2. Let x be u(-2). Suppose 2 - 11 = -3*r. Suppose c + r*c = x. What are the prime factors of c?
2, 11
Suppose 4*t = 3*j + 9473 + 6200, 0 = 3*t - 5*j - 11763. List the prime factors of t.
2, 11, 89
Let b be 9*(-4 - 20/(-3)). Let r(x) = x**2 + 18*x - 4. Let s be r(-18). Let n = b - s. List the prime factors of n.
2, 7
Let f be (-3)/(6/34) + 3/(-1). What are the prime factors of (-15)/(65/f + 3)?
2, 3, 5
Suppose -33*s + 31*s - 64 = 0. Let q = s + 57. What are the prime factors of q?
5
Let z = -404 + 1186. What are the prime factors of z?
2, 17, 23
Suppose -4*o + 6*x - 9*x = -14458, -2*o + 7228 = x. List the prime factors of o.
3613
Let g(w) = w**2 - w - 10. Let h be g(7). Suppose 0 = c - 16 - h. Suppose -o + 12 = -i, -4*o - i = o - c. List the prime factors of o.
2, 5
Let w(p) = 3*p**3 + 6*p**2 - 12*p + 19. What are the prime factors of w(5)?
2, 11
Let j = -41 + 45. Suppose 0 = -4*n - 5*k + 227, j*k + 120 = 5*n - 3*n. What are the prime factors of n?
2, 29
Let k = 2338 - 1566. List the prime factors of k.
2, 193
Let a(w) = 221*w**3 + 3*w - 4. Let z be a(1). What are the prime factors of (7 - 7)/(0 - -1) + z?
2, 5, 11
Suppose -5*l + 5 = 5*o, 4*o - 2*l + 2 = 30. Let u(b) = 4*b + 5. List the prime factors of u(o).
5
Let z(u) = 2*u**2 + 6*u - 2. Suppose -w - 1 - 13 = 2*c, 0 = -2*w + 4. Let p be z(c). List the prime factors of 1/(-2) + p/4.
19
What are the prime factors of (-70 + 2)*(-2 + -20)?
2, 11, 17
Let k = 1730 - 951. List the prime factors of k.
19, 41
Suppose 0 = -4*w + w - 3. Let o be (5*w)/((-7)/(-35)). Let h = o + 37. List the prime factors of h.
2, 3
Let z(q) = 17*q**2 + 4*q - 46. What are the prime factors of z(7)?
5, 163
Let l = 301 - -490. List the prime factors of l.
7, 113
Suppose -2*z + 0*z + 18 = 0. Suppose 3*g = -z*g + 2760. What are the prime factors of g?
2, 5, 23
Let q = -41 - -55. Suppose -q*f - 305 = -19*f. What are the prime factors of f?
61
Let z(b) = 2*b - 5. Let t be z(4). Suppose r - 2 = t*y - 6*y, 4*y - 3 = -r. Let a = r - -18. List the prime factors of a.
17
Suppose 0 = 17*v + 3105 - 37615. List the prime factors of v.
2, 5, 7, 29
Suppose -3*n - 3*q = 441, 5*n - q + 449 = 2*n. Let t = -67 - n. List the prime factors of t.
2, 41
Let x be (-3 - -1) + 9 + 2. Suppose 2*o + x = -o. Let n = 17 + o. What are the prime factors of n?
2, 7
Let w(v) be the second derivative of 7/6*v**3 - 3/2*v**2 - 7*v + 0. List the prime factors of w(5).
2
Let u(c) = 12*c**2 + 6*c**2 - 6*c**2 - 3*c + 12 - c**3. What are the prime factors of u(6)?
2, 3, 5, 7
Let x(t) = t**3 + t**2 + 3. Let w be x(0). Let p(i) = i**2 + i + 7. What are the prime factors of p(w)?
19
Suppose -z = 5*x - 3*x - 27, -z + 15 = x. Suppose 0 = 17*p - x*p - 105. What are the prime factors of p?
3, 7
Let h = -9 + 11. Suppose h*d - 4 = 36. Let m = d + -3. List the prime factors of m.
17
Let l = 22 + -5. Suppose 0 = -m + l - 13. Suppose 0 = k + m*k - 255. What are the prime factors of k?
3, 17
Let j(s) = 3*s**2 - 58*s + 93. List the prime factors of j(27).
2, 3, 7, 17
Suppose 0 = -227*s + 303*s - 176548. What are the prime factors of s?
23, 101
What are the prime factors of (0 + -1)/((-7378)/(-1476) - 5)?
2, 3, 41
Let v(m) = 7*m + 85. List the prime factors of v(18).
211
What are the prime factors of 1433 - (40/(-25))/(2/5)?
3, 479
What are the prime factors of (12/(-20) - (-671)/(-5))*-5?
2, 337
Let w(o) = -4*o**2 - 108*o - 23. What are the prime factors of w(-23)?
3, 5, 23
Let n be (-1 - (-161)/3)*3/2. Let j = n - -46. What are the prime factors of j?
5
Let d = -356 + 632. List the prime factors of d.
2, 3, 23
Let d = -740 - -1765. What are the prime factors of d?
5, 41
Let z = -33 + 35. Suppose 5*l - 730 = 5*u, z*l - 308 = -8*u + 6*u. What are the prime factors of l?
2, 3, 5
Let t be ((-8)/12)/(4/(-18)). Suppose 4*x - 2*j = -3*j + 7, -t*j = 15. Suppose 3*k = -x*k + 288. What are the prime factors of k?
2, 3
Suppose d - k = -7 - 9, 4*k - 79 = 5*d. Let a = -33 - -13. Let s = d - a. What are the prime factors of s?
5
Suppose -2764 = -4*y + 5616. What are the prime factors of y?
5, 419
Suppose -5*q = -9*w + 5*w + 4609, -w + 1166 = -4*q. What are the prime factors of w?
2, 3, 191
Suppose 3*i - 2104 = -4*v, -3*i + 4*i + 2630 = 5*v. Let b = -315 + v. What are the prime factors of b?
211
Suppose 3*k = 2*o + 208, -22 = -3*k + o + 187. Suppose -2*a - 26 + k = 0. Suppose -u + 4 = -a. What are the prime factors of u?
2, 13
Suppose -25*a + 2560 = -6690. List the prime factors of a.
2, 5, 37
What are the prime factors of 1629/6*3*4/9?
2, 181
Let j be (-8)/(-36) + 223/9. Let h = j - 38. Let o = h + 31. List the prime factors of o.
2, 3
Suppose 0 = -0*u + 7*u - 56. Let c be 324 + 1/(-2)*u. Suppose -4*b + c = b. List the prime factors of b.
2
Let c = -55 - -46. Let d = c + 47. What are the prime factors of d?
2, 19
Let p = 49 - 49. Suppose 3*f - 76 = -5*o, 4*f + 5*o + 0*o - 93 = p. List the prime factors of f.
17
Suppose -k - 11 = -2*s, -3*s + 4*k = -1 - 13. Let b = s + 3. Suppose 7*m = b*m - 36. List the prime factors of m.
2, 3
Let h(j) = j**3 - 2*j**2 + j. Let k be (1/5)/((-7)/(-35)). Let m be h(k). Suppose 3 = y - u, 0 = -3*y - m*y - u + 9. List the prime factors of y.
3
Let b be ((0 - 2) + 1)/(6/(-12)). List the prime factors of ((-192)/40)/(b/(-10)).
2, 3
Suppose 15*y - 11*y = -3*b + 2036, 0 = 3*y + b - 1527. List the prime factors of y.
509
Let c(n) = 3*n**2 + 11*n - 175. What are the prime factors of c(-20)?
5, 7, 23
Let a(y) be the first derivative of 25*y**3 - y**2 + y - 10. List the prime factors of a(-2).
5, 61
Suppose 0 = -3*g - 4*t + 4219, -4*t - 2790 = -2*g - t. What are the prime factors